9. What is the remainder when i(h) is divided by 5?
4
Suppose 52*y = 49*y + 5*u + 268, -u + 319 = 4*y. Let s(g) = 2*g**2 - 25*g + 8. What is the remainder when y is divided by s(13)?
18
Suppose 74 = 5*x + b, -3*x - 2*b + 13 = -2*x. What is the remainder when 195 is divided by x?
0
Let l = -22 - -47. Let p = -17 + 17. Suppose 3*u - 7*u + 3*c + 193 = p, -100 = -2*u - 2*c. What is the remainder when u is divided by l?
24
Let q = 14289 + -14232. What is the remainder when 1299 is divided by q?
45
What is the remainder when 405 is divided by ((-23)/(92/(-8)))/((-4)/(-166))?
73
Let k(y) = -y**2 + 14*y + 7. Let z be k(14). Let i(f) = -3*f - 17. Let p be i(z). Let m = -5 - p. What is the remainder when 61 is divided by m?
28
Let d(k) = 6*k**2 - 22*k - 54. Let n be d(-4). Suppose 5*i = 145 + n. What is the remainder when 104 is divided by i?
49
Let u = 7185 - 7156. Calculate the remainder when 1155 is divided by u.
24
Let j = 9010 - 8854. What is the remainder when 2339 is divided by j?
155
What is the remainder when 332 is divided by 6/(-14) + (-258)/4*124/(-434)?
8
What is the remainder when ((9 - -225)/(((-20)/12)/5))/(-1) is divided by 19?
18
Suppose -52*b - 69268 = -213048. Calculate the remainder when b is divided by 13.
9
Suppose -8*g + 11*g = 30. Let j(u) = -u + 25. What is the remainder when 0 - -102 - (-11 + 9) is divided by j(g)?
14
Let b(y) = 32*y + 1528. Calculate the remainder when b(-9) is divided by 138.
136
Suppose 217 - 37 = 5*h. Let y(k) = 44*k**2 + 4*k + 2. Calculate the remainder when y(-1) is divided by h.
6
Calculate the remainder when 1919 is divided by ((-6)/(-7))/(16/11872).
11
Suppose 0 = 11*h - 248 - 324. Suppose -104 + 96 = -4*f. Suppose -5*d = -2*c + 31, -13 = -c - f*d + 5*d. Calculate the remainder when h is divided by c.
24
Let i = 8 - -6. Suppose -9 = 3*o, 5*x - 39 = -5*o + 71. Let u(a) = -10*a + 254. What is the remainder when i is divided by u(x)?
2
Let z(s) = -5*s**2 - 10*s - 21. Let d(k) = k**2 + 1. Let p(a) = 6*d(a) + z(a). What is the remainder when 24/(312/455) + 16 is divided by p(12)?
6
Let n(f) = 2*f**3 - 19*f**2 + 11*f + 2. Let l(z) = -z**3 + 23*z**2 - 20*z - 35. Let d be l(22). Calculate the remainder when 134 is divided by n(d).
14
Let i = -47 + 194. Suppose 1470 = 242*r + 243*r - 436*r. What is the remainder when i is divided by r?
27
Let l = -2782 + 2881. What is the remainder when 3559 is divided by l?
94
Let y(c) = 2*c**2 - 4. Let z be y(4). Suppose 2*f = -2*f + z. Suppose -f*a + 836 + 550 = 0. What is the remainder when a is divided by 40?
38
Let p be 49 - ((-2)/5)/((-6)/(-15)). Suppose -z + p = -3*n - 2*n, -2*z + 5*n = -85. What is the remainder when z is divided by 13?
9
Let o(b) = 236*b**2 + 4*b + 3. Let q be 18/(-21) - (-9)/(-63). What is the remainder when o(q) is divided by 60?
55
Let t = -119 + 130. Suppose 9 + 3 = -3*n, -3*u - 4*n = -17. Calculate the remainder when 1055/55 - 2/t is divided by u.
8
What is the remainder when -2 + 11703/9 - 172/(-258) is divided by 14?
11
Let c(j) be the third derivative of -j**4/6 + 5*j**3/3 + 5*j**2. What is the remainder when c(-15) is divided by 7?
0
Let h = 4120 + -4095. Calculate the remainder when 30 is divided by h.
5
Let a = -1 + 4. Suppose -4*g - 5*t - 165 = -161, -36 = -5*g + 4*t. What is the remainder when g is divided by a?
1
Let i = 274 + -150. Let t = i - 63. Calculate the remainder when t is divided by 16.
13
Suppose 48 = 24*h - 12*h. Suppose 4*y + 130 = 3*n + 3*y, h*y = 8. What is the remainder when 131 is divided by n?
43
Let u = -46 + 51. Let q = 61 - 30. Suppose q*l - 264 = 23*l. Calculate the remainder when l is divided by u.
3
Let h = -35 - -40. Let v be (5 - 6)*(-1 - h). What is the remainder when 17 is divided by (4/v)/(236/(-60) - -4)?
7
Suppose 0 = 28*a + 4878 - 25598. What is the remainder when a is divided by 12?
8
Suppose 0*z - 472 = -59*z. What is the remainder when 1 + 1 - (z + -3 + -476) is divided by 14?
11
Let n(r) = -2*r**2 + 44*r + 5. Let w be n(22). Suppose 0 = 2*h - 25 + w. What is the remainder when 127 is divided by h?
7
Suppose -3*k + 22 = 4*i, -542*i + 547*i - 11 = -3*k. Let w(h) = 28*h**2 + 4*h + 2. Calculate the remainder when w(-2) is divided by k.
18
Let j(h) = -4*h**3 + 16*h**2 - 6*h + 2. Let x be j(-4). Let o = 624 - x. Calculate the remainder when o is divided by 29.
28
Suppose 0 = -5*h - 2*c + 139, 0 = h - 2*c + c - 25. Suppose -11*k + 5*k + 966 = 0. Suppose 43 + k = 4*p. What is the remainder when p is divided by h?
24
Suppose 6*u + 3*t = 5641 + 6761, -2*u = 3*t - 4122. What is the remainder when u is divided by 2055?
15
Suppose 0 = -2*l + 5*y - 10, 4*l - 3*y + 6*y = 32. Suppose -2*v + 346 = -0*v + 2*n, -868 = -l*v - 2*n. What is the remainder when v is divided by 46?
36
Let w(a) = -1055*a - 7359. What is the remainder when 930 is divided by w(-7)?
20
Let y(s) = -33*s + 83. Let b be y(8). Let t = b + 196. What is the remainder when 388 is divided by t?
13
Let z = -15008 + 15786. Calculate the remainder when z is divided by 10.
8
Suppose -n = -5*a + 18, 114 = -3*n - 3*a - 2*a. Let p be (-2138)/(-22) + 6/n. Let t = p - 56. Calculate the remainder when t is divided by 14.
13
What is the remainder when (47/188)/(14468/14464 + -1) is divided by 428?
48
Let b(g) be the first derivative of -g**3 + 18*g**2 + 10*g + 22. Let s be b(7). Suppose -s*n + 118*n - 12 = 0. What is the remainder when 10 is divided by n?
2
Let w(b) = 56*b - 7192. Calculate the remainder when w(142) is divided by 314.
132
Let l = -14053 - -14306. Calculate the remainder when l is divided by 86.
81
Let p(d) = 15*d - 73. Let t be p(9). Let q = t - 59. Calculate the remainder when 28 is divided by q.
1
Suppose -g = -t + 269, -18*t = -3*g - 14*t - 804. Calculate the remainder when (6/(-8))/((-18)/g)*-9 is divided by 28.
18
Suppose -1889 = -62*q + 22787. What is the remainder when q is divided by 104?
86
Let d be ((9/(-2))/(-3))/((-873)/(-2910)). Suppose -16 = 4*y, 4*y + 29 = -d*h + 108. Calculate the remainder when 531 is divided by h.
18
What is the remainder when 12/16*110432/84 is divided by 64?
26
Suppose 5*r + 2*p - 225 = 0, -5*r = -5*p - 196 + 6. Let v(y) = 17*y**2 + 138*y + 292. Calculate the remainder when r is divided by v(-4).
7
Suppose -f + 4*l + 12 = 0, -5*l - 1 - 9 = 0. Suppose 5*w - f*y = 565, -2*w + 288 = -4*y + 50. What is the remainder when w is divided by 8?
5
Suppose 0 = -134*k + 117*k + 3298. What is the remainder when k is divided by 34?
24
Let m = -5 + 23. Calculate the remainder when -3*(-1 - 0) + -2 + 41 is divided by m.
6
Let d = 287 + -285. Suppose 0 = 4*m + 12 - 16, x = -d*m + 19. Let h(c) = c**3 - 3*c**2 + 4*c - 1. What is the remainder when h(4) is divided by x?
14
What is the remainder when ((251/(-4) - -1) + -4)*(7 - 11) is divided by 37?
4
Suppose -126 + 148 = -2*u. Let z be (5 - 0)*(12 + u). Suppose 5*k + 3*l + 42 - 123 = 0, -105 = -z*k + 5*l. Calculate the remainder when k is divided by 5.
3
Suppose 42*b - 160*b + 35419 = -255687. Calculate the remainder when b is divided by 2464.
3
Suppose 4*z = -2*c + 90, 3*z + 4*c - 69 = c. Let f(l) = z*l - 5*l**2 + 15*l**2 - 25*l + 2. Calculate the remainder when f(-3) is divided by 13.
10
Suppose 21*p = 876 + 384. What is the remainder when 404 is divided by p?
44
Let j be (4 + -1 - 8)*15/(-15). Suppose 80 = 4*l + 5*q, 5*l - 129 = j*q - 4*q. Calculate the remainder when 92 is divided by l.
17
Let w(f) = f**3 + 2*f**2 - 2*f - 4. Let t be w(6). Suppose -t = 12*m - 14*m. Let r(c) = -c**2 - 16*c - 13. Calculate the remainder when m is divided by r(-12).
31
Calculate the remainder when 731 is divided by (3/10*600/240)/(1/80).
11
Suppose -5*o = 2*l - 54, 78 = 3*l - l - o. Let m(n) = 19*n**3 + n**2 + 1. Let i be m(-3). Let u = -358 - i. Calculate the remainder when u is divided by l.
34
Suppose -35*v = 37356 - 38266. Let k(y) = -24*y**2 - 3. Let w(s) = 16*s**2 + 2. Let g(o) = -5*k(o) - 7*w(o). Calculate the remainder when v is divided by g(1).
8
Suppose 0 = 4*z + 5*d - 190, -21*d + 18*d + 186 = 4*z. What is the remainder when 4859 is divided by z?
44
Suppose 2*g - 817 = -16*g - g. Let k(v) = -212*v - 1. What is the remainder when k(-1) is divided by g?
39
Let i = 55 + 19. Let w = 107 - i. What is the remainder when w is divided by 26?
7
Let s = 25885 + -25734. What is the remainder 